rue
Does 8 divide 17888?
True
Does 24 divide 2688?
True
Is 70 a multiple of 14?
True
Is 143 a multiple of 11?
True
Does 17 divide 40868?
True
Is 18 a factor of 1296?
True
Is 12594 a multiple of 14?
False
Does 6 divide 4808?
False
Is 20 a factor of 3890?
False
Does 19 divide 78372?
False
Does 107 divide 4608?
False
Is 307 a multiple of 2?
False
Is 47702 a multiple of 46?
True
Is 9026 a multiple of 37?
False
Is 31 a factor of 3386?
False
Is 18 a factor of 126?
True
Does 8 divide 504?
True
Is 17 a factor of 26160?
False
Is 1425 a multiple of 23?
False
Is 58 a factor of 1125?
False
Is 29694 a multiple of 101?
True
Does 72 divide 10326?
False
Is 965 a multiple of 37?
False
Does 209 divide 36575?
True
Is 47110 a multiple of 138?
False
Does 7 divide 11013?
False
Is 18 a factor of 14590?
False
Does 44 divide 2607?
False
Is 4900 a multiple of 5?
True
Does 11 divide 263?
False
Is 41 a factor of 2259?
False
Is 324 a multiple of 4?
True
Is 2337 a multiple of 19?
True
Is 468 a multiple of 3?
True
Is 8 a factor of 152?
True
Is 76 a factor of 277?
False
Is 110 a multiple of 3?
False
Is 15 a factor of 164?
False
Is 11 a factor of 2057?
True
Is 80 a factor of 3443?
False
Is 43 a factor of 516?
True
Does 12 divide 54492?
True
Is 8 a factor of 12871?
False
Is 4 a factor of 94?
False
Is 10 a factor of 560?
True
Does 14 divide 28?
True
Does 112 divide 143?
False
Is 477 a multiple of 18?
False
Is 23 a factor of 15557?
False
Is 24 a factor of 7053?
False
Is 12979 a multiple of 84?
False
Does 5 divide 1068?
False
Is 135 a factor of 72215?
False
Is 33 a factor of 63657?
True
Is 2599 a multiple of 23?
True
Is 600 a multiple of 15?
True
Is 3 a factor of 18?
True
Is 23 a factor of 1825?
False
Is 1184 a multiple of 58?
False
Is 416 a multiple of 13?
True
Does 77 divide 49486?
False
Does 13 divide 1261?
True
Is 9024 a multiple of 3?
True
Is 11 a factor of 7865?
True
Is 12579 a multiple of 58?
False
Does 23 divide 3979?
True
Is 96 a multiple of 17?
False
Does 119 divide 2023?
True
Does 33 divide 1287?
True
Is 9 a factor of 702?
True
Does 7 divide 101?
False
Does 29 divide 203?
True
Is 161 a factor of 16100?
True
Does 19 divide 1102?
True
Does 3 divide 54?
True
Is 4 a factor of 196?
True
Does 47 divide 34783?
False
Does 24 divide 3797?
False
Is 4 a factor of 271?
False
Is 594 a multiple of 58?
False
Is 1097 a multiple of 4?
False
Is 144 a factor of 9655?
False
Is 185 a factor of 29600?
True
Is 229 a multiple of 35?
False
Is 8 a factor of 9080?
True
Is 3031 a multiple of 2?
False
Does 4 divide 1416?
True
Does 6 divide 1386?
True
Does 2 divide 106?
True
Is 9078 a multiple of 35?
False
Is 225 a multiple of 6?
False
Is 518 a multiple of 74?
True
Does 16 divide 1718?
False
Does 400 divide 158800?
True
Is 11 a factor of 1540?
True
Is 4 even?
True
Does 72 divide 20808?
True
Does 148 divide 14356?
True
Is 9702 a multiple of 33?
True
Is 7785 a multiple of 119?
False
Does 109 divide 5479?
False
Does 15 divide 2942?
False
Is 72 a factor of 43247?
False
Is 2 a factor of 935?
False
Is 408 a multiple of 6?
True
Is 4431 a multiple of 21?
True
Is 8 a factor of 5076?
False
Is 59569 a multiple of 5?
False
Is 99 a factor of 3762?
True
Is 8118 a multiple of 13?
False
Does 23 divide 12368?
False
Is 65 a multiple of 7?
False
Is 220 a multiple of 11?
True
Is 3 a factor of 201?
True
Is 46 a factor of 30964?
False
Is 160 a multiple of 16?
True
Does 30 divide 9660?
True
Is 455 a multiple of 91?
True
Does 62 divide 3224?
True
Is 4329 a multiple of 18?
False
Is 84 a multiple of 7?
True
Is 6 a factor of 18126?
True
Is 2312 a multiple of 17?
True
Does 6 divide 40901?
False
Does 9 divide 55?
False
Does 123 divide 246?
True
Is 11984 a multiple of 16?
True
Does 12 divide 7339?
False
Is 6 a factor of 1459?
False
Does 48 divide 7488?
True
Does 3 divide 1406?
False
Is 62 a multiple of 3?
False
Is 95 a multiple of 9?
False
Does 48 divide 37152?
True
Does 33 divide 75771?
False
Does 6 divide 1758?
True
Is 241 a factor of 101461?
True
Is 3379 a multiple of 15?
False
Is 3720 a multiple of 124?
True
Does 39 divide 39?
True
Does 43 divide 3354?
True
Does 12 divide 12776?
False
Is 48 a factor of 3168?
True
Is 10 a factor of 1500?
True
Is 211 a factor of 9037?
False
Is 40 a factor of 35080?
True
Is 17 a factor of 37373?
False
Is 6 a factor of 4052?
False
Is 5 a factor of 1438?
False
Does 11 divide 847?
True
Is 34 a factor of 667?
False
Does 18 divide 1188?
True
Is 4 a factor of 14?
False
Is 2587 a multiple of 10?
False
Is 93 a multiple of 31?
True
Does 48 divide 6816?
True
Is 21 a factor of 47387?
False
Does 38 divide 3800?
True
Does 18 divide 45288?
True
Is 3 a factor of 107?
False
Is 38 a factor of 1482?
True
Is 75 a factor of 4944?
False
Does 18 divide 71311?
False
Is 88 a factor of 2552?
True
Is 904 a multiple of 53?
False
Is 12 a factor of 3456?
True
Does 23 divide 1219?
True
Does 55 divide 23961?
False
Does 102 divide 38355?
False
Does 188 divide 22292?
False
Is 3504 a multiple of 78?
False
Is 65 a factor of 6116?
False
Is 8512 a multiple of 14?
True
Does 17 divide 2082?
False
Is 2902 a multiple of 15?
False
Does 49 divide 784?
True
Does 83 divide 92047?
True
Is 129 a factor of 3096?
True
Is 1550 a multiple of 10?
True
Is 576 a multiple of 24?
True
Is 21883 a multiple of 61?
False
Does 18 divide 450?
True
Does 9 divide 31041?
True
Is 23 a factor of 1403?
True
Does 29 divide 29?
True
Is 3718 a multiple of 13?
True
Is 26 a factor of 2652?
True
Is 16 a factor of 35888?
True
Is 20772 a multiple of 9?
True
Is 16 a factor of 96?
True
Is 257 a multiple of 13?
False
Is 53 a factor of 1307?
False
Does 30 divide 600?
True
Is 14 a factor of 255?
False
Does 44 divide 5148?
True
Is 3 a factor of 225?
True
Is 79 a factor of 147980?
False
Is 11988 a multiple of 148?
True
Is 160 a factor of 1760?
True
Is 24 a factor of 1416?
True
Is 16172 a multiple of 38?
False
Does 49 divide 6860?
True
Is 6176 a multiple of 32?
True
Is 21 a factor of 322?
False
Is 72 a factor of 22601?
False
Is 15 a factor of 932?
False
Is 18948 a multiple of 74?
False
Is 14 a factor of 784?
True
Is 191 a multiple of 7?
False
Is 6150 even?
True
Is 7024 a multiple of 50?
False
Is 435 a multiple of 5?
True
Is 66 a multiple of 33?
True
Is 6336 a multiple of 96?
True
Does 97 divide 1420?
False
Is 10511 a multiple of 23?
True
Is 42 a factor of 673?
False
Is 16 a factor of 680?
False
Does 58 divide 1170?
False
Is 800 a multiple of 22?
False
Is 1785 a multiple of 7?
True
Is 20 a factor of 24705?
False
Does 62 divide 2868?
False
Does 13 divide 19627?
False
Is 140 a factor of 10772?
False
Is 623 a multiple of 89?
True
Is 78 even?
True
Does 58 divide 34821?
False
Is 13 a factor of 4927?
True
Is 1238 a multiple of 17?
False
Is 1663 a multiple of 10?
False
Does 129 divide 24768?
True
Does 10 divide 7500?
True
Is 490 a multiple of 10?
True
Does 53 divide 2385?
True
Does 13 divide 51194?
True
Is 1417 a multiple of 16?
False
Is 15 a factor of 3221?
False
Is 714 a multiple of 17?
True
Is 20 a factor of 19560?
True
Does 36 divide 1116?
True
Does 20 divide 543?
False
Is 21 a factor of 126?
True
Is 870 a multiple of 30?
True
Is 12 a factor of 3124?
False
Is 1342 a multiple of 22?
True
Does 9 divide 1263?
False
Is 14629 a multiple of 10?
False
Is 26754 a multiple of 45?
False
Is 1121 even?
False
Does 5 divide 170?
True
Does 10 divide 13729?
False
Is 95 a factor of 3990?
True
Is 8287 a multiple of 6?
False
Is 24 a factor of 109776?
True
Does 129 divide 14577?
True
Is 121 a factor of 11549?
False
Does 3 divide 8778?
True
Is 726 a multiple of 6?
True
Is 11 a factor of 528?
True
Is 1532 a multiple of 20?
False
Is 65 a factor of 5395?
True
Does 173 divide 11147?
False
Does 14 divide 2128?
True
Does 6 divide 378?
True
Is 8 a factor of 139?
False
Does 46 divide 1507?
False
Is 1399 a multiple of 61?
False
Is 86 a multiple of 12?
False
Is 553 a multiple of 136?
False
Does 82 divide 1667?
False
Is 46 a factor of 792?
False
Is 175 a factor of 29835?
False
Is 8 a factor of 72?
True
Does 2 divide 377?
False
Is 19 a factor of 4065?
False
Is 4743 a multiple of 93?
True
Does 10 divide 288?
False
Is 874 a multiple of 23?
True
Is 25 a factor of 1706?
False
Does 11 divide 15417?
False
Is 18 a factor of 1917?
False
Is 36 a factor of 3138?
False
Is 774 a multiple of 43?
True
Is 10 a factor of 3